mmon divisor of x and l.
12
Suppose 27*a = 11*a + 144*a - 24576. Calculate the highest common factor of 2040 and a.
24
Suppose 4*x = -5*v - 3538 + 25522, -3*x = -2*v - 16442. Calculate the greatest common factor of x and 26.
26
Let f = 241 + 127. Let r be 5/(2065/(-118))*-56. Calculate the highest common factor of f and r.
16
Suppose -38 = -r + 97. Let f be 1 + (13/(65/515) - 14). Calculate the highest common divisor of r and f.
45
Let a be 2/7*2009/7. Suppose -10*g = 5*m - 11*g - 414, -5*g + 390 = 5*m. Calculate the highest common factor of a and m.
82
Let b = 7194 + -7112. What is the highest common divisor of b and 17712?
82
Suppose -98 = -j - 4*x, -5*j + 6*x = 2*x - 490. What is the highest common factor of j and 2?
2
Suppose 80*c - 16643 = 67837. Calculate the highest common factor of c and 120.
24
Let z be (-1824738)/(-812) - (-12)/(-56). Calculate the highest common divisor of z and 12.
3
Suppose 2469*o - 292 = 2467*o. What is the greatest common divisor of o and 1095?
73
Suppose -1164 = -4*q + 4*w, w - 494 = -8*q + 1879. Let h = 107 + -70. What is the highest common factor of h and q?
37
Let v be ((54/8)/3)/((-42)/112). Let t be 3 + -1 - v*3/6. Let a be 1 + -4 - (-74 + t). What is the highest common divisor of 6 and a?
6
Let z be (459/17)/(2 - 1). Let s = 302 + -248. What is the highest common factor of s and z?
27
Let q be 0 - (64/(-3) + 16/(-24)). Let k = 88 + q. Let i = -22 + 32. What is the greatest common factor of i and k?
10
Let g = 197 + -195. Suppose -5*d - 4*j = -434, 94 = d - 3*j + g*j. What is the highest common divisor of d and 75?
15
Suppose i - 345 = 207. Suppose 4*x - 858 = 45*p - 40*p, 18 = -3*p. Calculate the greatest common divisor of x and i.
69
Let w be 21/(252/1608) - 8. Calculate the highest common divisor of w and 144.
18
Suppose 0*u - 3*q = -2*u + 12, 13 = u + 2*q. Let a = -65 + 65. Suppose a = 5*d - 108 - 117. What is the greatest common factor of d and u?
9
Let j be 0/1 + (-9 + -5 - 0). Let l be 7*(-2)/j + 6. Suppose -7 = -2*c + 21. Calculate the greatest common divisor of l and c.
7
Suppose -4*g + 2*l = -194 - 4, -5*g - 4*l = -306. Suppose 5*z - 406 = -2*c, -4*c - 392 = -6*c + 2*z. What is the highest common factor of c and g?
18
Suppose 3*u + 10*k - 14*k - 95 = 0, -5*k = 2*u - 94. Suppose -3*q + 3*l + 42 = 0, 0 = -4*q + l + 28 + u. Calculate the highest common divisor of q and 289.
17
Let r(u) be the third derivative of 5*u**4/24 - 5*u**3/6 + 13*u**2. Let l be r(9). Suppose -59*a - l = -63*a. What is the highest common factor of a and 4?
2
Suppose 3*k - 6 = -0. Suppose 3*m - m = -4, 0 = -5*z + k*m + 114. Calculate the greatest common divisor of z and 264.
22
Let p be 130/195*-1*(-9)/6. Calculate the highest common divisor of 89 and p.
1
Let k(g) = -324*g**2 + 3*g - 2. Let f be k(1). Let w be f/(-68) - (-1)/4. Suppose -w*t + 29 = -91. Calculate the highest common factor of 8 and t.
8
Let l be 4/(-40)*-4*10/2. Let m(q) = 3*q**3 + 2*q**2 - 7*q + 2. Let o be m(l). Calculate the highest common factor of 180 and o.
20
Let h be (-2)/9 - (6 + -32*212/72). Calculate the greatest common divisor of 320 and h.
8
Let o be (-2)/3 + (-2975)/(-21). Let g = -99 + o. Let l be (2/(-5))/(3/(-210)). Calculate the greatest common factor of l and g.
14
Suppose 0 = -129*c + 18207 + 2820. What is the highest common factor of 1304 and c?
163
Suppose -1161 = -36*f - 7*f. Suppose -5*p = 5 + 10, 0 = -k - 3*p + 288. What is the highest common factor of k and f?
27
Let g be (900/100)/((-9)/(-318)). Calculate the greatest common divisor of g and 1378.
106
Suppose 4*h - b = -4*b + 734, 0 = -4*b + 8. Let s(i) = 2*i**3 - 154*i**2 + 143*i + 697. Let m be s(76). Calculate the greatest common factor of h and m.
13
Let j = 8893 + -8885. Calculate the greatest common divisor of 32392 and j.
8
Suppose 201*t - 202*t = -311. Let f = t + -225. What is the highest common divisor of f and 387?
43
Suppose -47*y - 2994 = -5*u - 49*y, 3*u - 3*y = 1788. Calculate the highest common factor of u and 552.
46
Let i(d) = 14*d**3 - 7*d**2 - 360*d + 2876. Let b be i(8). Calculate the greatest common divisor of b and 1460.
292
Suppose 0 = 160*z + 9689 - 91769. What is the highest common divisor of z and 216?
27
Let q be 5*-12*21/(-10). Suppose 891 = 13*x - 10*x. Suppose 123 = 5*k - x. Calculate the highest common factor of k and q.
42
Suppose 460 = -18*q + 41*q. Calculate the greatest common divisor of 860 and q.
20
Let l = 270 + -276. Let g(d) = 19*d**2 + 4*d + 77. Let h be g(l). What is the greatest common factor of h and 11?
11
Let u = 652 + -519. Let q = 19 - 15. Suppose -q*z - 19 = -5*z. Calculate the highest common divisor of z and u.
19
Suppose -4*l + 168 = -4*k, 5*l - 51 - 3 = k. Let v = 237 + k. What is the greatest common factor of v and 22?
22
Let v be ((-4)/6)/(-10*(-9)/405). Let r be v + 8781/18 + 3/18. Calculate the greatest common factor of 194 and r.
97
Let r(h) = h**3 - 22*h**2 - 45*h. Let q be r(24). What is the greatest common divisor of 944 and q?
8
Suppose -3*p + 22 = 2*o, -24 = 5*o - 4*p - 33. Suppose -2*k = 3*b - 125 - 39, b = o*k - 376. What is the highest common factor of k and 8?
4
Suppose 2*b = -5*s - 3703, -32*b = -37*b + 5. Let p = 759 + s. Calculate the highest common factor of p and 135.
9
Let l be (-10)/(-20) + ((-238)/4)/(-7). Let o be 5 - -1*(6 + l) - 3. What is the highest common divisor of o and 391?
17
Let z(b) = -b**2 + 101*b + 639. Let g be z(0). Calculate the highest common factor of g and 2272.
71
Suppose v + 1848 = -5*y, y = -2*y + 2*v - 1114. Let h = -356 - y. What is the highest common factor of 63 and h?
7
Suppose 2*d + 10 = 5*r, -2 = -4*r - 4*d + 6. Let h be (-3)/(-1)*2*r. Let y = -3912 - -3918. What is the greatest common factor of h and y?
6
Let k be (-95940)/(-1107) + ((-6)/9 - -1). Calculate the greatest common factor of 32451 and k.
87
Suppose 2*z + 3*t = 102, -3*t + 147 = z + 2*z. Suppose 0 = -4*k - c + 4143, -4*k + 3*c + 1173 = -2958. What is the highest common divisor of k and z?
45
Let x(f) = 20*f**2 - 12*f - 14. Let l be x(-1). Suppose -c = l*c - 1045. Calculate the highest common factor of 495 and c.
55
Suppose -19*i = 5*g - 14*i - 1300, -4*g + 1036 = 2*i. What is the greatest common factor of g and 96?
6
Suppose -3*u = u - 5*m - 749, -929 = -5*u - m. Let d be 6/(-33) + 1366*(4 + 258/(-66)). What is the greatest common divisor of u and d?
62
Let v(h) = h**2 + 688*h - 2751. Let d be v(4). What is the greatest common divisor of d and 1411?
17
Let n(z) = z**2 - z - 6. Let h be n(-6). Let k(o) = 38*o**3 + 4*o - 3. Let b be k(1). Suppose -6*g - b = -201. What is the greatest common divisor of g and h?
9
Let y(g) = 17*g**2 + 3*g + 3. Let f be y(-2). Let b(o) = -240*o - 945. Let i be b(-4). What is the greatest common divisor of f and i?
5
Let p = 1626 + -1526. What is the greatest common factor of 225 and p?
25
Suppose -5*k - 210 = -5*x, -5*x + 13 = -k - 41. Let g be ((-468)/14 + 0)/(k/182). What is the greatest common divisor of 39 and g?
39
Let i(m) = m**3 + 3*m**2 - 6. Let k be i(-2). Let w be (2 - 1)/(k/(-52)). Calculate the highest common divisor of w and 2.
2
Let v be (-36)/14*((10 - -3) + (-2680)/120). Let t = -257 - -665. What is the greatest common divisor of t and v?
24
Let j be (-1 - -20)/((-312)/(-28) + -11). What is the greatest common divisor of 855 and j?
19
Let b(u) = -3171*u - 6227. Let g be b(-2). Suppose 0*l = 2*l - 184. Let y be 3/2*l/3. What is the highest common factor of g and y?
23
Suppose 0 = -2*y + 5*r + 9997, -23*y = -25*y - 2*r + 9976. What is the highest common factor of 161 and y?
161
Let o be 4419 + 0 - (294 + -275). What is the greatest common divisor of o and 990?
110
Let a be -33*(-959)/21 + 1. Calculate the highest common divisor of 117 and a.
13
Let i be 1*(-2 - 3)*(1266/(-30) - -3). Calculate the greatest common divisor of 1127 and i.
49
Let k = -15 + -177. Let b = k + 193. What is the highest common factor of b and 16?
1
Suppose -286 + 34 = -4*o. Let f be (35/(-15))/(61/(-2013)). Calculate the highest common factor of o and f.
7
Suppose -2*d - d = -15. Suppose 32 = 5*w + 2*c, 8*w + 2*c = 9*w - 16. Let m be ((-8)/d)/(w/(-160)). Calculate the greatest common divisor of 32 and m.
32
Let t = -366 + 1416. Suppose -174 - t = -3*i. Suppose 0 = -j - b + 202, -2*j + 4*j + 4*b - i 